{"id":281,"date":"2024-12-13T01:23:36","date_gmt":"2024-12-13T01:23:36","guid":{"rendered":"https:\/\/www.colegiodeabogadosdelimaeste.pe\/web\/?page_id=281"},"modified":"2024-12-30T16:28:23","modified_gmt":"2024-12-30T16:28:23","slug":"comite-electoral","status":"publish","type":"page","link":"https:\/\/www.colegiodeabogadosdelimaeste.pe\/web\/comite-electoral\/","title":{"rendered":"Comit\u00e9 Electoral"},"content":{"rendered":"\n\n\t<p>&nbsp;<\/p>\n<ul>\n<li><a href=\"http:\/\/www.colegiodeabogadosdelimaeste.pe\/web\/wp-content\/uploads\/2024\/12\/ACTA-DE-PROCLAMACION-ELECCION-JUNTA-DIRECTIVA-CALE.pdf\" target=\"_blank\" rel=\"noopener\"><strong><b>ACTA DE PROCLAMACI\u00d3N DE GANADOR DE ELECCI\u00d3N DE DECANO Y JUNTA DIRECTIVA 2025 &#8211; 2026<\/b><\/strong><\/a><\/li>\n<li><strong><a href=\"https:\/\/www.colegiodeabogadosdelimaeste.pe\/web\/uncategorized\/comunicado-n001-2024-ce-cale\/\" target=\"_blank\" rel=\"noopener\">COMUNICADO N\u00b0001-2024-CE-CALE<\/a><\/strong><\/li>\n<li><a href=\"http:\/\/www.colegiodeabogadosdelimaeste.pe\/web\/wp-content\/uploads\/2024\/12\/ACTA-3-CE.pdf\" target=\"_blank\" rel=\"noopener\"><strong>ACTA N\u00b0 003-2024-CE-CALE<\/strong><\/a><\/li>\n<li><a href=\"http:\/\/www.colegiodeabogadosdelimaeste.pe\/web\/wp-content\/uploads\/2024\/12\/LISTA-DEFINITIVA-CALE.pdf\" target=\"_blank\" rel=\"noopener\"><strong>LISTA DEFINITIVA DE CANDIDATOS A DECANO Y JUNTA DIRECTIVA DEL COLEGIO DE ABOGADOS DE LIMA ESTE 2025 &#8211; 2026<\/strong><\/a><\/li>\n<li><a href=\"http:\/\/www.colegiodeabogadosdelimaeste.pe\/web\/wp-content\/uploads\/2024\/12\/Acta-02-CE-CALE.pdf\" target=\"_blank\" rel=\"noopener\"><strong>ACTA N\u00b0 002-2024-CE-CALE<\/strong><\/a><\/li>\n<li><a href=\"http:\/\/www.colegiodeabogadosdelimaeste.pe\/web\/wp-content\/uploads\/2024\/12\/LISTA-PRELIMINAR-DE-CANDIDATOS-A-DECANO-Y-JUNTA-DIRECTIVA-DEL-COLEGIO-DE-ABOGADOS-DE-LIMA-ESTE-2025.pdf\" target=\"_blank\" rel=\"noopener\"><strong>Lista Preliminar de Candidato a Decano y Junta Directiva del Colegio de Abogados de Lima Este 2025 &#8211; 2026<\/strong><\/a><\/li>\n<li><a href=\"http:\/\/www.colegiodeabogadosdelimaeste.pe\/web\/wp-content\/uploads\/2024\/12\/CONVOCATORIA-A-ELECCIONES-CALE_001-1-1.jpg\" target=\"_blank\" rel=\"noopener\"><strong>Convocatoria de Elecci\u00f3n de Junta Directiva del CALE<\/strong><\/a><\/li>\n<li><a href=\"http:\/\/www.colegiodeabogadosdelimaeste.pe\/web\/wp-content\/uploads\/2024\/12\/REGLAMENTO-DEL-COMITE-ELECTORAL-CALE-2024.pdf\" target=\"_blank\" rel=\"noopener\"><strong>Reglamento Electoral<\/strong><\/a><\/li>\n<li><a href=\"http:\/\/www.colegiodeabogadosdelimaeste.pe\/web\/wp-content\/uploads\/2024\/12\/ACTA-APROBACION-DE-REGLAMENTO-2.pdf\" target=\"_blank\" rel=\"noopener\"><strong>Acta de aprobaci\u00f3n de Reglamento Electoral y tipo de elecci\u00f3n.<\/strong><\/a><\/li>\n<\/ul>\n\t\t\t\t<img decoding=\"async\" src=\"http:\/\/www.colegiodeabogadosdelimaeste.pe\/web\/wp-content\/uploads\/2024\/12\/RESULTADOS-ELECCION-CALE.png\" alt=\"RESULTADOS-ELECCION-CALE\" itemprop=\"image\" title=\"RESULTADOS-ELECCION-CALE\" onerror=\"this.style.display='none'\"  \/>\n\t\t\t\t<img decoding=\"async\" src=\"http:\/\/www.colegiodeabogadosdelimaeste.pe\/web\/wp-content\/uploads\/2024\/12\/CRONOGRAMA-ELECCIONES-CALE.jpeg\" alt=\"CRONOGRAMA ELECCIONES CALE\" itemprop=\"image\" title=\"CRONOGRAMA ELECCIONES CALE\" onerror=\"this.style.display='none'\"  \/>\n\t\t\t\t<img decoding=\"async\" src=\"https:\/\/www.colegiodeabogadosdelimaeste.pe\/web\/wp-content\/plugins\/beaver-builder-lite-version\/img\/pixel.png\" alt=\"\" itemprop=\"image\" onerror=\"this.style.display='none'\"  \/>\n\t\t\t\t<img decoding=\"async\" src=\"https:\/\/www.colegiodeabogadosdelimaeste.pe\/web\/wp-content\/plugins\/beaver-builder-lite-version\/img\/pixel.png\" alt=\"\" itemprop=\"image\" onerror=\"this.style.display='none'\"  \/>\n\n","protected":false},"excerpt":{"rendered":"<p>&nbsp; ACTA DE PROCLAMACI\u00d3N DE GANADOR DE ELECCI\u00d3N DE DECANO Y JUNTA DIRECTIVA 2025 &#8211; 2026 COMUNICADO N\u00b0001-2024-CE-CALE ACTA N\u00b0 003-2024-CE-CALE LISTA DEFINITIVA DE CANDIDATOS A DECANO Y JUNTA DIRECTIVA DEL COLEGIO DE ABOGADOS DE LIMA ESTE 2025 &#8211; 2026 ACTA N\u00b0 002-2024-CE-CALE Lista Preliminar de Candidato a Decano y Junta Directiva del Colegio de [&hellip;]<\/p>\n","protected":false},"author":1,"featured_media":0,"parent":0,"menu_order":0,"comment_status":"closed","ping_status":"closed","template":"","meta":{"saved_in_kubio":false,"footnotes":""},"class_list":["post-281","page","type-page","status-publish","hentry"],"kubio_ai_page_context":{"short_desc":"","purpose":"general"},"yoast_head":"<!-- This site is optimized with the Yoast SEO plugin v27.4 - https:\/\/yoast.com\/product\/yoast-seo-wordpress\/ -->\n<title>Comit\u00e9 Electoral - Colegio de Abogados de Lima Este<\/title>\n<meta name=\"robots\" content=\"index, follow, max-snippet:-1, max-image-preview:large, max-video-preview:-1\" \/>\n<link rel=\"canonical\" href=\"https:\/\/www.colegiodeabogadosdelimaeste.pe\/web\/comite-electoral\/\" \/>\n<meta property=\"og:locale\" content=\"es_ES\" \/>\n<meta property=\"og:type\" content=\"article\" \/>\n<meta property=\"og:title\" content=\"Comit\u00e9 Electoral - Colegio de Abogados de Lima Este\" \/>\n<meta property=\"og:description\" content=\"&nbsp; ACTA DE PROCLAMACI\u00d3N DE GANADOR DE ELECCI\u00d3N DE DECANO Y JUNTA DIRECTIVA 2025 &#8211; 2026 COMUNICADO N\u00b0001-2024-CE-CALE ACTA N\u00b0 003-2024-CE-CALE LISTA DEFINITIVA DE CANDIDATOS A DECANO Y JUNTA DIRECTIVA DEL COLEGIO DE ABOGADOS DE LIMA ESTE 2025 &#8211; 2026 ACTA N\u00b0 002-2024-CE-CALE Lista Preliminar de Candidato a Decano y Junta Directiva del Colegio de [&hellip;]\" \/>\n<meta property=\"og:url\" content=\"https:\/\/www.colegiodeabogadosdelimaeste.pe\/web\/comite-electoral\/\" \/>\n<meta property=\"og:site_name\" content=\"Colegio de Abogados de Lima Este\" \/>\n<meta property=\"article:modified_time\" content=\"2024-12-30T16:28:23+00:00\" \/>\n<meta property=\"og:image\" content=\"http:\/\/www.colegiodeabogadosdelimaeste.pe\/web\/wp-content\/uploads\/2024\/12\/RESULTADOS-ELECCION-CALE.png\" \/>\n<meta name=\"twitter:card\" content=\"summary_large_image\" \/>\n<script type=\"application\/ld+json\" class=\"yoast-schema-graph\">{\"@context\":\"https:\\\/\\\/schema.org\",\"@graph\":[{\"@type\":\"WebPage\",\"@id\":\"https:\\\/\\\/www.colegiodeabogadosdelimaeste.pe\\\/web\\\/comite-electoral\\\/\",\"url\":\"https:\\\/\\\/www.colegiodeabogadosdelimaeste.pe\\\/web\\\/comite-electoral\\\/\",\"name\":\"Comit\u00e9 Electoral - Colegio de Abogados de Lima Este\",\"isPartOf\":{\"@id\":\"https:\\\/\\\/www.colegiodeabogadosdelimaeste.pe\\\/web\\\/#website\"},\"primaryImageOfPage\":{\"@id\":\"https:\\\/\\\/www.colegiodeabogadosdelimaeste.pe\\\/web\\\/comite-electoral\\\/#primaryimage\"},\"image\":{\"@id\":\"https:\\\/\\\/www.colegiodeabogadosdelimaeste.pe\\\/web\\\/comite-electoral\\\/#primaryimage\"},\"thumbnailUrl\":\"http:\\\/\\\/www.colegiodeabogadosdelimaeste.pe\\\/web\\\/wp-content\\\/uploads\\\/2024\\\/12\\\/RESULTADOS-ELECCION-CALE.png\",\"datePublished\":\"2024-12-13T01:23:36+00:00\",\"dateModified\":\"2024-12-30T16:28:23+00:00\",\"breadcrumb\":{\"@id\":\"https:\\\/\\\/www.colegiodeabogadosdelimaeste.pe\\\/web\\\/comite-electoral\\\/#breadcrumb\"},\"inLanguage\":\"es\",\"potentialAction\":[{\"@type\":\"ReadAction\",\"target\":[\"https:\\\/\\\/www.colegiodeabogadosdelimaeste.pe\\\/web\\\/comite-electoral\\\/\"]}]},{\"@type\":\"ImageObject\",\"inLanguage\":\"es\",\"@id\":\"https:\\\/\\\/www.colegiodeabogadosdelimaeste.pe\\\/web\\\/comite-electoral\\\/#primaryimage\",\"url\":\"http:\\\/\\\/www.colegiodeabogadosdelimaeste.pe\\\/web\\\/wp-content\\\/uploads\\\/2024\\\/12\\\/RESULTADOS-ELECCION-CALE.png\",\"contentUrl\":\"http:\\\/\\\/www.colegiodeabogadosdelimaeste.pe\\\/web\\\/wp-content\\\/uploads\\\/2024\\\/12\\\/RESULTADOS-ELECCION-CALE.png\"},{\"@type\":\"BreadcrumbList\",\"@id\":\"https:\\\/\\\/www.colegiodeabogadosdelimaeste.pe\\\/web\\\/comite-electoral\\\/#breadcrumb\",\"itemListElement\":[{\"@type\":\"ListItem\",\"position\":1,\"name\":\"Portada\",\"item\":\"https:\\\/\\\/www.colegiodeabogadosdelimaeste.pe\\\/web\\\/\"},{\"@type\":\"ListItem\",\"position\":2,\"name\":\"Comit\u00e9 Electoral\"}]},{\"@type\":\"WebSite\",\"@id\":\"https:\\\/\\\/www.colegiodeabogadosdelimaeste.pe\\\/web\\\/#website\",\"url\":\"https:\\\/\\\/www.colegiodeabogadosdelimaeste.pe\\\/web\\\/\",\"name\":\"Colegio de Abogados de Lima Este\",\"description\":\"Colegio de Abogados de Lima Este\",\"publisher\":{\"@id\":\"https:\\\/\\\/www.colegiodeabogadosdelimaeste.pe\\\/web\\\/#organization\"},\"potentialAction\":[{\"@type\":\"SearchAction\",\"target\":{\"@type\":\"EntryPoint\",\"urlTemplate\":\"https:\\\/\\\/www.colegiodeabogadosdelimaeste.pe\\\/web\\\/?s={search_term_string}\"},\"query-input\":{\"@type\":\"PropertyValueSpecification\",\"valueRequired\":true,\"valueName\":\"search_term_string\"}}],\"inLanguage\":\"es\"},{\"@type\":\"Organization\",\"@id\":\"https:\\\/\\\/www.colegiodeabogadosdelimaeste.pe\\\/web\\\/#organization\",\"name\":\"Colegio de Abogados de Lima Este\",\"url\":\"https:\\\/\\\/www.colegiodeabogadosdelimaeste.pe\\\/web\\\/\",\"logo\":{\"@type\":\"ImageObject\",\"inLanguage\":\"es\",\"@id\":\"https:\\\/\\\/www.colegiodeabogadosdelimaeste.pe\\\/web\\\/#\\\/schema\\\/logo\\\/image\\\/\",\"url\":\"https:\\\/\\\/www.colegiodeabogadosdelimaeste.pe\\\/web\\\/wp-content\\\/uploads\\\/2024\\\/12\\\/LOGO-COLEGIO-DE-ABOGADOS-DE-LIMA-ESTE.png\",\"contentUrl\":\"https:\\\/\\\/www.colegiodeabogadosdelimaeste.pe\\\/web\\\/wp-content\\\/uploads\\\/2024\\\/12\\\/LOGO-COLEGIO-DE-ABOGADOS-DE-LIMA-ESTE.png\",\"width\":1147,\"height\":480,\"caption\":\"Colegio de Abogados de Lima Este\"},\"image\":{\"@id\":\"https:\\\/\\\/www.colegiodeabogadosdelimaeste.pe\\\/web\\\/#\\\/schema\\\/logo\\\/image\\\/\"}}]}<\/script>\n<!-- \/ Yoast SEO plugin. -->","yoast_head_json":{"title":"Comit\u00e9 Electoral - Colegio de Abogados de Lima Este","robots":{"index":"index","follow":"follow","max-snippet":"max-snippet:-1","max-image-preview":"max-image-preview:large","max-video-preview":"max-video-preview:-1"},"canonical":"https:\/\/www.colegiodeabogadosdelimaeste.pe\/web\/comite-electoral\/","og_locale":"es_ES","og_type":"article","og_title":"Comit\u00e9 Electoral - Colegio de Abogados de Lima Este","og_description":"&nbsp; ACTA DE PROCLAMACI\u00d3N DE GANADOR DE ELECCI\u00d3N DE DECANO Y JUNTA DIRECTIVA 2025 &#8211; 2026 COMUNICADO N\u00b0001-2024-CE-CALE ACTA N\u00b0 003-2024-CE-CALE LISTA DEFINITIVA DE CANDIDATOS A DECANO Y JUNTA DIRECTIVA DEL COLEGIO DE ABOGADOS DE LIMA ESTE 2025 &#8211; 2026 ACTA N\u00b0 002-2024-CE-CALE Lista Preliminar de Candidato a Decano y Junta Directiva del Colegio de [&hellip;]","og_url":"https:\/\/www.colegiodeabogadosdelimaeste.pe\/web\/comite-electoral\/","og_site_name":"Colegio de Abogados de Lima Este","article_modified_time":"2024-12-30T16:28:23+00:00","og_image":[{"url":"http:\/\/www.colegiodeabogadosdelimaeste.pe\/web\/wp-content\/uploads\/2024\/12\/RESULTADOS-ELECCION-CALE.png","type":"","width":"","height":""}],"twitter_card":"summary_large_image","schema":{"@context":"https:\/\/schema.org","@graph":[{"@type":"WebPage","@id":"https:\/\/www.colegiodeabogadosdelimaeste.pe\/web\/comite-electoral\/","url":"https:\/\/www.colegiodeabogadosdelimaeste.pe\/web\/comite-electoral\/","name":"Comit\u00e9 Electoral - Colegio de Abogados de Lima Este","isPartOf":{"@id":"https:\/\/www.colegiodeabogadosdelimaeste.pe\/web\/#website"},"primaryImageOfPage":{"@id":"https:\/\/www.colegiodeabogadosdelimaeste.pe\/web\/comite-electoral\/#primaryimage"},"image":{"@id":"https:\/\/www.colegiodeabogadosdelimaeste.pe\/web\/comite-electoral\/#primaryimage"},"thumbnailUrl":"http:\/\/www.colegiodeabogadosdelimaeste.pe\/web\/wp-content\/uploads\/2024\/12\/RESULTADOS-ELECCION-CALE.png","datePublished":"2024-12-13T01:23:36+00:00","dateModified":"2024-12-30T16:28:23+00:00","breadcrumb":{"@id":"https:\/\/www.colegiodeabogadosdelimaeste.pe\/web\/comite-electoral\/#breadcrumb"},"inLanguage":"es","potentialAction":[{"@type":"ReadAction","target":["https:\/\/www.colegiodeabogadosdelimaeste.pe\/web\/comite-electoral\/"]}]},{"@type":"ImageObject","inLanguage":"es","@id":"https:\/\/www.colegiodeabogadosdelimaeste.pe\/web\/comite-electoral\/#primaryimage","url":"http:\/\/www.colegiodeabogadosdelimaeste.pe\/web\/wp-content\/uploads\/2024\/12\/RESULTADOS-ELECCION-CALE.png","contentUrl":"http:\/\/www.colegiodeabogadosdelimaeste.pe\/web\/wp-content\/uploads\/2024\/12\/RESULTADOS-ELECCION-CALE.png"},{"@type":"BreadcrumbList","@id":"https:\/\/www.colegiodeabogadosdelimaeste.pe\/web\/comite-electoral\/#breadcrumb","itemListElement":[{"@type":"ListItem","position":1,"name":"Portada","item":"https:\/\/www.colegiodeabogadosdelimaeste.pe\/web\/"},{"@type":"ListItem","position":2,"name":"Comit\u00e9 Electoral"}]},{"@type":"WebSite","@id":"https:\/\/www.colegiodeabogadosdelimaeste.pe\/web\/#website","url":"https:\/\/www.colegiodeabogadosdelimaeste.pe\/web\/","name":"Colegio de Abogados de Lima Este","description":"Colegio de Abogados de Lima Este","publisher":{"@id":"https:\/\/www.colegiodeabogadosdelimaeste.pe\/web\/#organization"},"potentialAction":[{"@type":"SearchAction","target":{"@type":"EntryPoint","urlTemplate":"https:\/\/www.colegiodeabogadosdelimaeste.pe\/web\/?s={search_term_string}"},"query-input":{"@type":"PropertyValueSpecification","valueRequired":true,"valueName":"search_term_string"}}],"inLanguage":"es"},{"@type":"Organization","@id":"https:\/\/www.colegiodeabogadosdelimaeste.pe\/web\/#organization","name":"Colegio de Abogados de Lima Este","url":"https:\/\/www.colegiodeabogadosdelimaeste.pe\/web\/","logo":{"@type":"ImageObject","inLanguage":"es","@id":"https:\/\/www.colegiodeabogadosdelimaeste.pe\/web\/#\/schema\/logo\/image\/","url":"https:\/\/www.colegiodeabogadosdelimaeste.pe\/web\/wp-content\/uploads\/2024\/12\/LOGO-COLEGIO-DE-ABOGADOS-DE-LIMA-ESTE.png","contentUrl":"https:\/\/www.colegiodeabogadosdelimaeste.pe\/web\/wp-content\/uploads\/2024\/12\/LOGO-COLEGIO-DE-ABOGADOS-DE-LIMA-ESTE.png","width":1147,"height":480,"caption":"Colegio de Abogados de Lima Este"},"image":{"@id":"https:\/\/www.colegiodeabogadosdelimaeste.pe\/web\/#\/schema\/logo\/image\/"}}]}},"_links":{"self":[{"href":"https:\/\/www.colegiodeabogadosdelimaeste.pe\/web\/wp-json\/wp\/v2\/pages\/281","targetHints":{"allow":["GET"]}}],"collection":[{"href":"https:\/\/www.colegiodeabogadosdelimaeste.pe\/web\/wp-json\/wp\/v2\/pages"}],"about":[{"href":"https:\/\/www.colegiodeabogadosdelimaeste.pe\/web\/wp-json\/wp\/v2\/types\/page"}],"author":[{"embeddable":true,"href":"https:\/\/www.colegiodeabogadosdelimaeste.pe\/web\/wp-json\/wp\/v2\/users\/1"}],"replies":[{"embeddable":true,"href":"https:\/\/www.colegiodeabogadosdelimaeste.pe\/web\/wp-json\/wp\/v2\/comments?post=281"}],"version-history":[{"count":27,"href":"https:\/\/www.colegiodeabogadosdelimaeste.pe\/web\/wp-json\/wp\/v2\/pages\/281\/revisions"}],"predecessor-version":[{"id":581,"href":"https:\/\/www.colegiodeabogadosdelimaeste.pe\/web\/wp-json\/wp\/v2\/pages\/281\/revisions\/581"}],"wp:attachment":[{"href":"https:\/\/www.colegiodeabogadosdelimaeste.pe\/web\/wp-json\/wp\/v2\/media?parent=281"}],"curies":[{"name":"wp","href":"https:\/\/api.w.org\/{rel}","templated":true}]}}